[INFO] fetching crate threefish-cipher 0.4.0...
[INFO] checking threefish-cipher-0.4.0 against master#e6e4f7ed1589e03bc2f6c5931c1a72e7947e8682 for beta-170-4
[INFO] extracting crate threefish-cipher 0.4.0 into /workspace/builds/worker-0-tc2/source
[INFO] validating manifest of crates.io crate threefish-cipher 0.4.0 on toolchain e6e4f7ed1589e03bc2f6c5931c1a72e7947e8682
[INFO] running `Command { std: CARGO_HOME="/workspace/cargo-home" RUSTUP_HOME="/workspace/rustup-home" "/workspace/cargo-home/bin/cargo" "+e6e4f7ed1589e03bc2f6c5931c1a72e7947e8682" "metadata" "--manifest-path" "Cargo.toml" "--no-deps", kill_on_drop: false }`
[INFO] started tweaking crates.io crate threefish-cipher 0.4.0
[INFO] finished tweaking crates.io crate threefish-cipher 0.4.0
[INFO] tweaked toml for crates.io crate threefish-cipher 0.4.0 written to /workspace/builds/worker-0-tc2/source/Cargo.toml
[INFO] running `Command { std: CARGO_HOME="/workspace/cargo-home" RUSTUP_HOME="/workspace/rustup-home" __CARGO_TEST_CHANNEL_OVERRIDE_DO_NOT_USE_THIS="nightly" "/workspace/cargo-home/bin/cargo" "+e6e4f7ed1589e03bc2f6c5931c1a72e7947e8682" "generate-lockfile" "--manifest-path" "Cargo.toml" "-Zno-index-update", kill_on_drop: false }`
[INFO] running `Command { std: CARGO_HOME="/workspace/cargo-home" RUSTUP_HOME="/workspace/rustup-home" "/workspace/cargo-home/bin/cargo" "+e6e4f7ed1589e03bc2f6c5931c1a72e7947e8682" "fetch" "--manifest-path" "Cargo.toml", kill_on_drop: false }`
[INFO] running `Command { std: "docker" "create" "-v" "/var/lib/crater-agent-workspace/builds/worker-0-tc2/target:/opt/rustwide/target:rw,Z" "-v" "/var/lib/crater-agent-workspace/builds/worker-0-tc2/source:/opt/rustwide/workdir:ro,Z" "-v" "/var/lib/crater-agent-workspace/cargo-home:/opt/rustwide/cargo-home:ro,Z" "-v" "/var/lib/crater-agent-workspace/rustup-home:/opt/rustwide/rustup-home:ro,Z" "-e" "SOURCE_DIR=/opt/rustwide/workdir" "-e" "CARGO_TARGET_DIR=/opt/rustwide/target" "-e" "CARGO_HOME=/opt/rustwide/cargo-home" "-e" "RUSTUP_HOME=/opt/rustwide/rustup-home" "-w" "/opt/rustwide/workdir" "-m" "1610612736" "--user" "0:0" "--network" "none" "ghcr.io/rust-lang/crates-build-env/linux@sha256:19e73879b68f455e41552ea35293514db52ea292d993f571636dbffedb77a1ee" "/opt/rustwide/cargo-home/bin/cargo" "+e6e4f7ed1589e03bc2f6c5931c1a72e7947e8682" "metadata" "--no-deps" "--format-version=1", kill_on_drop: false }`
[INFO] [stdout] 27a4e24b51c406ee21e58c341d3659f1e2711801c39a699adcdcd8f8d79271d9
[INFO] running `Command { std: "docker" "start" "-a" "27a4e24b51c406ee21e58c341d3659f1e2711801c39a699adcdcd8f8d79271d9", kill_on_drop: false }`
[INFO] running `Command { std: "docker" "inspect" "27a4e24b51c406ee21e58c341d3659f1e2711801c39a699adcdcd8f8d79271d9", kill_on_drop: false }`
[INFO] running `Command { std: "docker" "rm" "-f" "27a4e24b51c406ee21e58c341d3659f1e2711801c39a699adcdcd8f8d79271d9", kill_on_drop: false }`
[INFO] [stdout] 27a4e24b51c406ee21e58c341d3659f1e2711801c39a699adcdcd8f8d79271d9
[INFO] running `Command { std: "docker" "create" "-v" "/var/lib/crater-agent-workspace/builds/worker-0-tc2/target:/opt/rustwide/target:rw,Z" "-v" "/var/lib/crater-agent-workspace/builds/worker-0-tc2/source:/opt/rustwide/workdir:ro,Z" "-v" "/var/lib/crater-agent-workspace/cargo-home:/opt/rustwide/cargo-home:ro,Z" "-v" "/var/lib/crater-agent-workspace/rustup-home:/opt/rustwide/rustup-home:ro,Z" "-e" "SOURCE_DIR=/opt/rustwide/workdir" "-e" "CARGO_TARGET_DIR=/opt/rustwide/target" "-e" "CARGO_INCREMENTAL=0" "-e" "RUST_BACKTRACE=full" "-e" "RUSTFLAGS=--cap-lints=forbid" "-e" "RUSTDOCFLAGS=--cap-lints=forbid" "-e" "CARGO_HOME=/opt/rustwide/cargo-home" "-e" "RUSTUP_HOME=/opt/rustwide/rustup-home" "-w" "/opt/rustwide/workdir" "-m" "1610612736" "--user" "0:0" "--network" "none" "ghcr.io/rust-lang/crates-build-env/linux@sha256:19e73879b68f455e41552ea35293514db52ea292d993f571636dbffedb77a1ee" "/opt/rustwide/cargo-home/bin/cargo" "+e6e4f7ed1589e03bc2f6c5931c1a72e7947e8682" "check" "--frozen" "--all" "--all-targets" "--message-format=json", kill_on_drop: false }`
[INFO] [stdout] 9b30a40476d3a4e2afaf940037299a135d4b052e4a7e65d3411a2cc906d37a42
[INFO] running `Command { std: "docker" "start" "-a" "9b30a40476d3a4e2afaf940037299a135d4b052e4a7e65d3411a2cc906d37a42", kill_on_drop: false }`
[INFO] [stderr]    Compiling typenum v1.16.0
[INFO] [stderr]    Compiling generic-array v0.14.7
[INFO] [stderr]    Compiling proc-macro-hack v0.5.20+deprecated
[INFO] [stderr]    Compiling hex-literal-impl v0.2.3
[INFO] [stderr]     Checking hex-literal v0.2.2
[INFO] [stderr]     Checking cipher v0.2.5
[INFO] [stderr]     Checking threefish-cipher v0.4.0 (/opt/rustwide/workdir)
[INFO] [stdout] error[E0463]: can't find crate for `block_cipher_trait`
[INFO] [stdout]  --> benches/lib.rs:5:1
[INFO] [stdout]   |
[INFO] [stdout] 5 | extern crate block_cipher_trait;
[INFO] [stdout]   | ^^^^^^^^^^^^^^^^^^^^^^^^^^^^^^^^ can't find crate
[INFO] [stdout] 
[INFO] [stdout] 
[INFO] [stdout] error[E0463]: can't find crate for `generic_array`
[INFO] [stdout]  --> benches/lib.rs:6:1
[INFO] [stdout]   |
[INFO] [stdout] 6 | extern crate generic_array;
[INFO] [stdout]   | ^^^^^^^^^^^^^^^^^^^^^^^^^^^ can't find crate
[INFO] [stdout] 
[INFO] [stdout] 
[INFO] [stdout] error[E0599]: no function or associated item named `new` found for struct `Threefish256` in the current scope
[INFO] [stdout]   --> benches/lib.rs:16:49
[INFO] [stdout]    |
[INFO] [stdout] 16 |     let state = threefish_cipher::Threefish256::new(&key);
[INFO] [stdout]    |                                                 ^^^ function or associated item not found in `Threefish256`
[INFO] [stdout]    |
[INFO] [stdout]    = help: items from traits can only be used if the trait is in scope
[INFO] [stdout] help: the following trait is implemented but not in scope; perhaps add a `use` for it:
[INFO] [stdout]    |
[INFO] [stdout] 3  + use threefish_cipher::NewBlockCipher;
[INFO] [stdout]    |
[INFO] [stdout] 
[INFO] [stdout] 
[INFO] [stdout] error[E0599]: no function or associated item named `new` found for struct `Threefish512` in the current scope
[INFO] [stdout]   --> benches/lib.rs:26:49
[INFO] [stdout]    |
[INFO] [stdout] 26 |     let state = threefish_cipher::Threefish512::new(&key);
[INFO] [stdout]    |                                                 ^^^ function or associated item not found in `Threefish512`
[INFO] [stdout]    |
[INFO] [stdout]    = help: items from traits can only be used if the trait is in scope
[INFO] [stdout] help: the following trait is implemented but not in scope; perhaps add a `use` for it:
[INFO] [stdout]    |
[INFO] [stdout] 3  + use threefish_cipher::NewBlockCipher;
[INFO] [stdout]    |
[INFO] [stdout] 
[INFO] [stdout] 
[INFO] [stdout] error[E0599]: no function or associated item named `new` found for struct `Threefish1024` in the current scope
[INFO] [stdout]   --> benches/lib.rs:36:50
[INFO] [stdout]    |
[INFO] [stdout] 36 |     let state = threefish_cipher::Threefish1024::new(&key);
[INFO] [stdout]    |                                                  ^^^ function or associated item not found in `Threefish1024`
[INFO] [stdout]    |
[INFO] [stdout]    = help: items from traits can only be used if the trait is in scope
[INFO] [stdout] help: the following trait is implemented but not in scope; perhaps add a `use` for it:
[INFO] [stdout]    |
[INFO] [stdout] 3  + use threefish_cipher::NewBlockCipher;
[INFO] [stdout]    |
[INFO] [stdout] 
[INFO] [stdout] 
[INFO] [stdout] error: aborting due to 5 previous errors
[INFO] [stdout] 
[INFO] [stdout] 
[INFO] [stdout] Some errors have detailed explanations: E0463, E0599.
[INFO] [stdout] 
[INFO] [stdout] For more information about an error, try `rustc --explain E0463`.
[INFO] [stdout] 
[INFO] [stderr] error: could not compile `threefish-cipher` (bench "lib") due to 6 previous errors
[INFO] running `Command { std: "docker" "inspect" "9b30a40476d3a4e2afaf940037299a135d4b052e4a7e65d3411a2cc906d37a42", kill_on_drop: false }`
[INFO] running `Command { std: "docker" "rm" "-f" "9b30a40476d3a4e2afaf940037299a135d4b052e4a7e65d3411a2cc906d37a42", kill_on_drop: false }`
[INFO] [stdout] 9b30a40476d3a4e2afaf940037299a135d4b052e4a7e65d3411a2cc906d37a42
